 199379
What are the prime factors of 2593430412?
2, 3, 23, 73, 97, 1327
What are the prime factors of 942611362?
2, 7, 11, 6120853
List the prime factors of 156738251.
71, 2207581
List the prime factors of 2504642662.
2, 19, 65911649
List the prime factors of 123398634.
2, 3, 23, 894193
List the prime factors of 2334551123.
2334551123
List the prime factors of 2822985.
3, 5, 11, 1901
List the prime factors of 34127417.
34127417
List the prime factors of 375814141.
375814141
What are the prime factors of 371962040?
2, 5, 17, 43, 12721
List the prime factors of 148398611.
127, 1168493
What are the prime factors of 92130819?
3, 11, 2791843
What are the prime factors of 152953751?
152953751
What are the prime factors of 346377806?
2, 67, 2584909
List the prime factors of 121945071.
3, 829, 49033
List the prime factors of 74061039.
3, 13, 146077
List the prime factors of 4400776210.
2, 5, 440077621
List the prime factors of 345862552.
2, 7, 17, 41, 8861
What are the prime factors of 145559054?
2, 61, 1193107
What are the prime factors of 78654746?
2, 359, 109547
List the prime factors of 161500146.
2, 3, 181, 148711
What are the prime factors of 862227995?
5, 89, 137, 14143
What are the prime factors of 2493914026?
2, 16411, 75983
List the prime factors of 81976176.
2, 3, 17, 33487
What are the prime factors of 5163604603?
5163604603
What are the prime factors of 3484668474?
2, 3, 7, 41, 631, 1069
What are the prime factors of 1884420479?
61, 1619, 19081
List the prime factors of 62685105.
3, 5, 7, 41, 14561
List the prime factors of 3602524834.
2, 1801262417
What are the prime factors of 9317517?
3, 11, 282349
List the prime factors of 1431759051.
3, 181, 292973
List the prime factors of 261379755.
3, 5, 7, 13, 29, 31, 71
What are the prime factors of 8696313?
3, 966257
What are the prime factors of 483834223?
13267, 36469
List the prime factors of 1020231969.
3, 37, 9191279
What are the prime factors of 26390289?
3, 8796763
What are the prime factors of 673329527?
13, 2503, 20693
List the prime factors of 2188871329.
17, 128757137
What are the prime factors of 119332528?
2, 7, 1065469
List the prime factors of 57627933.
3, 11, 1746301
What are the prime factors of 2435923459?
7643, 318713
List the prime factors of 2046030554.
2, 907, 1127911
List the prime factors of 190055026.
2, 7, 23, 84319
What are the prime factors of 1487843160?
2, 3, 5, 12398693
What are the prime factors of 157584779?
11, 2311, 6199
List the prime factors of 957671291.
957671291
List the prime factors of 985017809.
6607, 149087
List the prime factors of 85110005.
5, 23, 740087
What are the prime factors of 38813506?
2, 991, 19583
List the prime factors of 286485830.
2, 5, 1597, 17939
List the prime factors of 740862402.
2, 3, 7, 19, 928399
List the prime factors of 6567339530.
2, 5, 17, 701, 55109
List the prime factors of 3280033696.
2, 2287, 44819
List the prime factors of 54503414.
2, 7, 3893101
What are the prime factors of 786956823?
3, 397, 73417
List the prime factors of 1437420080.
2, 5, 17967751
List the prime factors of 30455475.
3, 5, 406073
What are the prime factors of 139535611?
719, 194069
List the prime factors of 731556506.
2, 19, 43, 73, 6133
What are the prime factors of 927601967?
1999, 464033
What are the prime factors of 3637996544?
2, 7, 13, 39041
What are the prime factors of 88053517?
101, 871817
List the prime factors of 20155401.
3, 7, 319927
What are the prime factors of 2839331489?
89, 31902601
List the prime factors of 2380288658.
2, 11, 179, 604441
List the prime factors of 61811983.
17, 3635999
List the prime factors of 59897071.
13, 4607467
List the prime factors of 1772250757.
883, 2007079
List the prime factors of 7768526981.
2777, 2797453
What are the prime factors of 46288504?
2, 53, 109171
What are the prime factors of 1725857870?
2, 5, 11, 367, 42751
List the prime factors of 856051254.
2, 3, 1847, 2861
What are the prime factors of 1693223489?
37, 53, 83, 101, 103
List the prime factors of 387395907.
3, 89, 773, 1877
List the prime factors of 588723942.
2, 3, 98120657
What are the prime factors of 401368768?
2, 19, 23, 113, 127
What are the prime factors of 34472882?
2, 41, 239, 1759
List the prime factors of 263557400.
2, 5, 1317787
List the prime factors of 63724592.
2, 31, 128477
What are the prime factors of 232607446?
2, 31, 3751733
List the prime factors of 58587821.
6959, 8419
What are the prime factors of 62822842?
2, 1303, 24107
List the prime factors of 2679357399.
3, 2029, 440177
What are the prime factors of 11314489?
37, 59, 71, 73
What are the prime factors of 150246777?
3, 50082259
List the prime factors of 4816535847.
3, 29, 55362481
List the prime factors of 296366408.
2, 13, 19, 23, 6521
What are the prime factors of 64066214?
2, 19, 1685953
What are the prime factors of 5980648?
2, 83, 9007
What are the prime factors of 269719007?
3037, 88811
What are the prime factors of 2650794176?
2, 197, 210247
List the prime factors of 115652513.
17, 41, 73, 2273
List the prime factors of 1027480361.
1027480361
List the prime factors of 68854207.
29, 1483, 1601
List the prime factors of 50481095.
5, 7, 1442317
What are the prime factors of 2150871?
3, 787, 911
What are the prime factors of 1523762119?
11, 138523829
What are the prime factors of 63429578?
2, 31714789
List the prime factors of 296757817.
2647, 112111
List the prime factors of 2370632210.
2, 5, 237063221
List the prime factors of 136140033.
3, 421, 107791
What are the prime factors of 31572249?
3, 317, 33199
What are the prime factors of 481419859?
15401, 31259
List the prime factors of 897691148.
2, 83, 2703889
List the prime factors of 241873124.
2, 60468281
List the prime factors of 187094440.
2, 5, 13, 331, 1087
What are the prime factors of 301391843?
301391843
List the prime factors of 1870628397.
3, 11, 149, 380441
What are the prime factors of 26009309?
19, 1368911
List the prime factors of 5642203201.
859, 6568339
List the prime factors of 89275999.
211, 423109
List the prime factors of 1871458666.
2, 7, 11, 151, 11497
What are the prime factors of 3630319348?
2, 1951, 465187
What are the prime factors of 62793163?
1061, 59183
List the prime factors of 2541851704.
2, 7, 661, 68669
List the prime factors of 119022554.
2, 7, 29, 71, 4129
What are the prime factors of 15466930?
2, 5, 151, 10243
List the prime factors of 528369509.
37, 43, 332099
What are the prime factors of 5106868533?
3, 13, 401, 2791
What are the prime factors of 119353986?
2, 3, 53, 13901
What are the prime factors of 1892699823?
3, 7, 31, 47, 8837
List the prime factors of 6327072952.
2, 12281, 64399
What are the prime factors of 50491966?
2, 7, 3606569
List the prime factors of 526662591.
3, 7, 13, 29, 66523
What are the prime factors of 190231787?
53, 3589279
What are the prime factors of 66621043?
47, 1417469
What are the prime factors of 1408356873?
3, 7, 11, 26393
List the prime factors of 198988169.
29, 236609
What are the prime factors of 1539776194?
2, 11, 113, 127, 4877
What are the prime factors of 304824547?
11093, 27479
List the prime factors of 1838044006.
2, 919022003
List the prime factors of 88879504.
2, 7, 71, 11177
List the prime factors of 387580303.
11, 797, 4019
What are the prime factors of 336267689?
3463, 97103
List the prime factors of 2354768854.
2, 29, 283, 143461
What are the prime factors of 1239986211?
3, 97, 241, 17681
What are the prime factors of 783793757?
19, 431, 95713
List the prime factors of 705192466.
2, 11, 23, 1393661
What are the prime factors of 188011352?
2, 53, 443423
What are the prime factors of 119179936?
2, 733, 5081
List the prime factors of 750435274.
2, 375217637
What are the prime factors of 18085806?
2, 3, 947, 1061
List the prime factors of 92829599.
7841, 11839
List the prime factors of 440174330.
2, 5, 19, 2316707
What are the prime factors of 477778173?
3, 159259391
List the prime factors of 2526983850.
2, 3, 5, 19, 311, 2851
What are the prime factors of 698562104?
2, 479, 182297
What are the prime factors of 37770394?
2, 1213, 15569
What are the prime factors of 514251429?
3, 2857, 59999
What are the prime factors of 2197599307?
2197599307
List the prime factors of 197676289.
17, 43, 15907
List the prime factors of 465